j - 29. What is the highest common divisor of j and 50?
10
Suppose t + 5*v + 2 = 5, 4*t = 2*v + 34. Calculate the greatest common factor of 56 and t.
8
Let g(y) be the first derivative of y**4/4 + 4*y**3/3 - 3*y**2/2 + 1. Let w be g(-3). What is the greatest common divisor of w and 6?
6
Let k be (-120)/(-3) + 2*3. What is the greatest common factor of k and 161?
23
Suppose -3*a = -0*a - 345. Suppose -z + 0*v = -v - 43, 2*v = 3*z - 132. Calculate the greatest common factor of a and z.
23
Let h be 11 + 0*(-3)/(-12). Let x = -9 + h. Calculate the highest common divisor of x and 2.
2
Suppose 2*l - 103 = 403. What is the highest common divisor of l and 11?
11
Suppose o + o = -p - 1, 23 = -o + 4*p. Let z be (o - (-28)/8)*6. Suppose -1 - 2 = -b. Calculate the greatest common factor of b and z.
3
Let f = -9 - -17. What is the highest common factor of 80 and f?
8
Let h = -159 + 247. What is the greatest common factor of 132 and h?
44
Let c be -2 + -2 + (-20)/(-4). Let b be c/(((-12)/80)/(-3)). What is the greatest common factor of 180 and b?
20
Let a(r) = -3*r**3 - 23*r**2 + 9*r + 14. Let i be a(-8). Suppose -b + 0*b + 3 = 0. Calculate the greatest common divisor of i and b.
3
Let n = 9 - -12. Let o(t) be the first derivative of t**2/2 - 3*t + 2. Let s be o(6). What is the highest common divisor of n and s?
3
Suppose 5*f - c - 206 = 59, 2*c - 280 = -5*f. What is the greatest common divisor of f and 18?
18
Let u = 31 - -21. Calculate the highest common divisor of 13 and u.
13
Let x(u) = 2*u - 16. Let z be x(11). What is the greatest common factor of z and 15?
3
Let s(i) = 4*i**2 - 14*i - 39. Let z be s(-6). Calculate the greatest common divisor of z and 27.
27
Suppose -4*l + 434 = -2*q, l - 31 - 70 = 3*q. Let m = l + -78. What is the greatest common factor of 8 and m?
8
Let r(z) = z - 7. Let h be r(7). Let b = h + 2. Suppose -b*v = 5*m - 187, 0 = 3*v + 3*m - 2*m - 248. Calculate the highest common factor of 9 and v.
9
Suppose -3*l + 4 + 41 = 0. Calculate the greatest common divisor of l and 240.
15
Let u be 2 + -3*25/(-3). Calculate the greatest common divisor of 54 and u.
27
Let i(j) = 2*j**2 + j - 1. Let b be i(2). What is the highest common factor of b and 18?
9
Suppose 3*i + 2*j = 20 - 3, 5*i - 23 = -2*j. Suppose 0 = -4*q + 44 + 64. Let z = 28 - q. What is the greatest common divisor of z and i?
1
Let x = 7 - 3. Suppose -f + 3*f = -x*c + 32, 0 = -2*f - 3*c + 29. Calculate the greatest common factor of f and 10.
10
Let p(k) = -4*k**3 - k**2 - k. Let a be p(-1). Suppose 7*m = 3*m - a, -3*m = 5*g - 192. Calculate the greatest common divisor of 26 and g.
13
Suppose -3*m + 5 = -1. Let t be 20/(2*m/6). What is the greatest common factor of t and 6?
6
Suppose 2*t + 2*t + 56 = 0. Let y = t + 36. Calculate the highest common divisor of y and 11.
11
Suppose -4*a + 0*a + 20 = 0. What is the highest common divisor of a and 20?
5
Let u be 5 + (-1 - 1) + -5 + 10. Calculate the highest common factor of 4 and u.
4
Let g = 11 - 15. Let a be 2/g + 808/16. Suppose 3*h - 228 = z, -10 = 4*z + 2. What is the greatest common divisor of h and a?
25
Let s be (-100)/48*-3*4. What is the highest common divisor of 5 and s?
5
Let u be (-3)/(-6)*(0 + 0). Suppose 2*r - 7 - 15 = u. Calculate the highest common factor of 88 and r.
11
Let n = -27 - -46. Let q = 83 + 69. What is the highest common divisor of q and n?
19
Let m = 9 + -6. Let a = -91 + 135. Let d = -23 + a. What is the greatest common factor of d and m?
3
Let m(r) = -1 + 0*r**2 + 3*r**2 + 8*r - 2*r**2 - 2*r**2. Let n be m(5). Calculate the greatest common divisor of 14 and n.
14
Suppose 0*g + 30 = -3*g. Let q(a) = a**3 + 9*a**2 - 12*a - 8. Let t be q(g). Calculate the greatest common divisor of 30 and t.
6
Let w = 51 - -24. Let l be (210/(-28))/(2/(-4)). What is the highest common factor of w and l?
15
Let d = -61 + 73. Let b(t) = t - 10. Let k be b(0). Let m = k + 22. What is the highest common divisor of d and m?
12
Suppose -2*i = -i + 238. Let f = i + 348. What is the highest common factor of f and 10?
10
Let l = 68 + -23. What is the greatest common factor of l and 9?
9
Let f(m) = 10*m**3 + 3*m**2 - 3*m + 2. Let r be f(2). Calculate the highest common divisor of 11 and r.
11
Suppose -3*s + a + 10 = 0, 4*s - 11 = -0*s - a. Suppose -141 = -s*p + 84. Calculate the greatest common factor of p and 15.
15
Let m = 9 - -9. Suppose -4 = -f, 5*p - 4*f - 33 = -f. Calculate the highest common divisor of p and m.
9
Suppose -4*x - 3 = b, -x + 7 - 29 = -4*b. Calculate the highest common factor of b and 20.
5
Let n(s) = 31*s**2 + 1. Let j be n(1). Calculate the highest common divisor of 4 and j.
4
Suppose -3*m + 20 = -z + m, 0 = -2*z - 3*m + 4. Let g = 6 + z. Let r be 28 - (-2 + g)/(-1). Calculate the highest common factor of r and 7.
7
Let y be 1/4 - 63/(-4). Suppose -z + 0*z = -y. Calculate the greatest common factor of z and 4.
4
Suppose 4*q - 5*c = 2*q + 40, -4*q + 56 = 2*c. Let m(r) = r + 3. Let o be m(0). Suppose 0 = -v + o + 2. Calculate the highest common factor of q and v.
5
Let q be (24/3)/(0 - -2). Suppose -3*w + 2*k = -0*k + 257, -q*w - 2*k - 338 = 0. Let p = w - -155. What is the highest common factor of p and 28?
14
Let z = 6 + -2. Let d be ((2 - 1) + -1)/1. Suppose d + 8 = 4*y. Calculate the greatest common divisor of y and z.
2
Let y(v) = -v**2 + 2*v + 9. Let b be y(0). What is the highest common factor of 9 and b?
9
Let b(f) = -144*f - 5. Let l(p) = 72*p + 2. Let i(o) = 4*b(o) + 9*l(o). Let c be i(1). What is the greatest common factor of c and 14?
14
Suppose 0 = -4*r + 10 + 34. Suppose -14*n + 12*n = 24. Let g be (-77)/(n/(-3) - 5). What is the highest common divisor of g and r?
11
Suppose 0*u - 2*u + 48 = 0. Suppose 2*q = 8 + u. What is the highest common divisor of q and 2?
2
Let z = 12 - 9. Suppose z*w = 52 + 11. Calculate the highest common divisor of 7 and w.
7
Let r(q) = q - 7. Let y be r(5). Let j be y/3 + 22/6. Suppose j*i = -14 + 269. Calculate the greatest common factor of i and 17.
17
Let y be (24/(-5))/(24/(-80)). Calculate the greatest common divisor of 24 and y.
8
Suppose 1 = -a + 3. Suppose -5*i = -0*i - 2*d - 56, -a*i = 3*d - 11. What is the highest common divisor of i and 15?
5
Let m = -4 - 0. Let d be (-78)/m + (-1)/2. Suppose -5*u + d = -36. What is the greatest common factor of u and 22?
11
Let d(w) = -w**3 - 6*w**2 - 2*w - 6. Let m be d(-6). Suppose -b = -m - 6. Calculate the greatest common divisor of 60 and b.
12
Let y = -33 - -111. What is the highest common factor of y and 26?
26
Let h = 15 + -5. Let f be -10*(-34)/(-4)*-1. Let v = f + -60. What is the greatest common divisor of h and v?
5
Suppose -6*o + 2*o = -932. Suppose 2*x - o = -5*g, 4*x + 9 = 2*g + 415. Let j(f) = 3*f - 5. Let m be j(6). Calculate the highest common factor of x and m.
13
Let u be 1 + -5 + 8 - -38. Calculate the greatest common factor of u and 6.
6
Let h(p) = -3*p - 5. Let c(u) = -u**2 + u - 5. Let q be c(0). Let x be h(q). What is the greatest common divisor of 2 and x?
2
Suppose 25 = -4*j - 23. Let k be (-3)/j - (-255)/4. Suppose 4 = t - 4. What is the greatest common factor of k and t?
8
Suppose -14 = 5*j - 159. Suppose m + m - 48 = -2*z, 4*m + j = z. Calculate the highest common divisor of 10 and z.
5
Let n be 4/10 + 36/10. Suppose 2*r - 79 = 3. Suppose -8 = -5*c + 3*i + r, -43 = -5*c + i. Calculate the greatest common factor of n and c.
4
Suppose 3*k + 37 = -k + 5*z, -3*z + 27 = -4*k. Let p = k - -11. What is the greatest common divisor of p and 16?
8
Let v = 73 + -43. Suppose 0 = i + 14 - 59. What is the greatest common divisor of v and i?
15
Let z be (-18)/(-81) + 308/(-9). Let r be (187/z)/((-1)/2). What is the highest common divisor of 44 and r?
11
Let g(j) = -5*j - 6. Let p be g(-4). Suppose -3*f = -4*f + 1, -y + 9 = -5*f. Calculate the highest common divisor of p and y.
14
Suppose 0 = 5*r - 3*r. Suppose r = -2*q - 28 + 268. Calculate the highest common divisor of 12 and q.
12
Let f(w) be the second derivative of w**4/12 + w**2/2 + 6*w. Suppose t + 4 = 3*t. Let g be f(t). What is the greatest common divisor of 5 and g?
5
Let g = 74 - 31. Let y = g - 126. Let u = y + 163. What is the highest common divisor of u and 8?
8
Let m(a) = -a - 2. Let f = 33 + -47. Let d be m(f). What is the highest common facto